ighest common factor of 496869315 and 2370.
1185
Calculate the highest common divisor of 46285684 and 5626.
194
What is the greatest common factor of 18278584 and 4872?
232
What is the greatest common divisor of 13615110 and 45?
45
What is the highest common divisor of 33285497 and 91896?
3829
Calculate the greatest common divisor of 7308 and 16386468.
84
Calculate the highest common divisor of 620 and 7335880.
20
Calculate the greatest common divisor of 135 and 6930240.
15
Calculate the highest common divisor of 702304306 and 374.
374
What is the highest common factor of 484 and 39938954?
242
Calculate the greatest common factor of 2868 and 3732.
12
What is the highest common divisor of 122796554 and 1016?
254
Calculate the highest common factor of 278760 and 3589944.
2424
What is the highest common factor of 7061 and 1018319?
307
Calculate the highest common factor of 1332 and 198234.
18
What is the greatest common factor of 19290 and 1481070?
30
What is the highest common factor of 18095 and 6451060?
385
What is the highest common factor of 7361 and 8576431?
433
What is the highest common divisor of 10525 and 1552648?
421
What is the greatest common divisor of 1162 and 310586?
166
Calculate the highest common factor of 7039230 and 26145.
1245
What is the highest common factor of 27199 and 49383?
59
Calculate the highest common divisor of 78 and 17192064.
6
Calculate the greatest common factor of 35183152 and 32.
16
What is the highest common divisor of 16075 and 896342?
643
What is the greatest common divisor of 892429 and 125857?
127
Calculate the greatest common divisor of 923200 and 701055.
2885
Calculate the greatest common divisor of 2128 and 990752.
112
What is the greatest common factor of 39939729 and 9?
3
Calculate the greatest common divisor of 617171 and 133004.
811
What is the greatest common factor of 180 and 17758?
2
What is the greatest common divisor of 4829 and 154121?
11
Calculate the highest common factor of 86017777 and 93.
31
What is the highest common divisor of 479016 and 5052?
12
What is the greatest common divisor of 8876 and 1252052998?
4438
Calculate the highest common factor of 59475 and 16074903.
2379
What is the greatest common factor of 463242 and 43368?
78
What is the greatest common factor of 6481069 and 1246?
623
Calculate the highest common factor of 294737748 and 48.
12
Calculate the highest common divisor of 72 and 574421880.
24
What is the highest common factor of 3234077 and 866?
433
What is the greatest common factor of 5030 and 19948?
2
What is the greatest common factor of 534 and 7137978?
534
What is the highest common divisor of 1195322 and 638?
58
What is the greatest common factor of 119 and 4423400?
17
What is the greatest common factor of 138 and 1108824?
6
What is the highest common factor of 8864 and 8824?
8
What is the greatest common divisor of 28712 and 93120?
776
What is the greatest common factor of 136284074 and 38?
38
What is the greatest common divisor of 1336320 and 22185?
1305
What is the greatest common factor of 2498719 and 9599?
331
What is the greatest common divisor of 246562 and 83942?
94
Calculate the highest common divisor of 13 and 1799230628.
13
Calculate the highest common divisor of 62152012 and 156.
52
Calculate the greatest common divisor of 1110016 and 2560408.
2168
What is the greatest common divisor of 9362 and 1262813?
151
What is the highest common divisor of 1675 and 1477417?
67
Calculate the highest common factor of 11 and 38690659.
1
What is the greatest common factor of 8592 and 14105916?
2148
What is the greatest common factor of 172248 and 12552?
24
What is the highest common divisor of 95 and 60506184?
19
Calculate the highest common factor of 29450 and 42190.
10
What is the highest common divisor of 109928 and 3626714?
182
What is the highest common factor of 27605922 and 444?
222
Calculate the greatest common divisor of 660057708 and 51.
51
What is the greatest common divisor of 1116 and 477688176?
1116
What is the greatest common factor of 450 and 53059410?
90
Calculate the highest common divisor of 177885 and 3717.
531
Calculate the greatest common divisor of 17576101 and 31.
31
What is the greatest common factor of 16076778 and 78?
6
Calculate the highest common divisor of 166 and 560047231.
83
What is the highest common factor of 44745935 and 104?
13
What is the greatest common divisor of 3636 and 2560656636?
3636
Calculate the greatest common divisor of 13 and 13326586.
13
Calculate the highest common factor of 34496 and 4617074.
1078
Calculate the greatest common divisor of 211633 and 124525.
17
Calculate the greatest common factor of 3880647 and 45.
9
What is the greatest common divisor of 21056 and 612927?
329
Calculate the highest common factor of 16 and 38111792.
16
What is the greatest common factor of 10033 and 207391?
127
What is the highest common factor of 34916 and 2919227?
1247
What is the highest common divisor of 27 and 946129059?
27
Calculate the greatest common factor of 284031 and 1324224.
1881
Calculate the greatest common factor of 544260 and 9024.
564
What is the greatest common divisor of 46784 and 147832?
136
Calculate the highest common divisor of 7038 and 59148270.
306
Calculate the highest common divisor of 35140 and 954660.
140
Calculate the highest common divisor of 1097707 and 16711.
17
What is the greatest common factor of 46935 and 258?
3
Calculate the greatest common divisor of 265554 and 126.
18
Calculate the highest common divisor of 198 and 129825.
9
Calculate the greatest common factor of 423 and 10063452.
141
Calculate the greatest common divisor of 92129 and 15240478.
509
What is the greatest common factor of 5530 and 119417585?
2765
Calculate the highest common factor of 951314 and 4368.
182
What is the highest common factor of 7927194 and 1452?
726
Calculate the greatest common factor of 783662 and 209.
11
What is the greatest common factor of 7634 and 5933006?
694
What is the greatest common divisor of 46 and 32819344?
46
Calculate the greatest common divisor of 107421 and 7869.
183
What is the highest common factor of 175999778 and 866?
866
What is the greatest common factor of 92783 and 844610?
73
Calculate the highest common factor of 7506672 and 1824.
912
What is the highest common factor of 128497 and 551?
19
What is the highest common divisor of 14338326 and 18?
6
Calculate the highest common divisor of 184392 and 45864.
936
Calculate the greatest common factor of 5202 and 27106857.
153
What is the greatest common factor of 31362669 and 567?
9
What is the greatest common factor of 38406 and 26233?
37
Calculate the greatest common divisor of 137888 and 13483.
139
Calculate the greatest common factor of 2406 and 30542566.
802
What is the highest common factor of 2385801 and 44979?
957
Calculate the greatest common divisor of 534 and 166859247.
267
What is the highest common factor of 2609290 and 74640?
3110
What is the highest common factor of 3736961 and 16674?
397
What is the greatest common factor of 34551240 and 10?
10
What is the highest common factor of 39 and 84085443?
39
What is the highest common divisor of 4640 and 399897240?
1160
Calculate the greatest common divisor of 16510 and 1013090.
130
What is the greatest common divisor of 19695090 and 110268?
6126
Calculate the greatest common factor of 5964 and 14136668.
1988
What is the highest common divisor of 1908408 and 172920?
3144
Calculate the greatest common divisor of 416220 and 162540.
420
Calculate the greatest common divisor of 87616 and 15016.
8
Calculate the greatest common divisor of 51502911 and 25398.
4233
Calculate the greatest common divisor of 841920 and 1560.
120
What is the highest common divisor of 45285 and 739155?
15
What is the greatest common divisor of 15 and 56561370?
15
Calculate the highest common divisor of 165 and 95931066.
33
What is the greatest common divisor of 526 and 3133382?
526
Calculate the greatest common divisor of 12149 and 3699.
1
Calculate the highest common divisor of 6413260 and 1900.
380
What is the highest common divisor of 1273809 and 92?
23
What is the greatest common divisor of 18078 and 4904934?
138
Calculate the greatest common divisor of 223851 and 171709.
899
Calculate the highest common d